t are the prime factors of c?
2
Suppose 2*a = 3*a. Suppose a = -c - 3*c. Suppose -4*x = 5*k - x - 30, -2*k - 2*x + 12 = c. List the prime factors of k.
2, 3
Suppose -4*k + k - 2184 = 0. What are the prime factors of k/(-21) + (-4)/6?
2, 17
Suppose 41 = 5*f - 39. What are the prime factors of f?
2
Let z be -2 + 2 + 13 + -2. Suppose z = 2*a + 3. What are the prime factors of a?
2
Let m = 297 - 198. List the prime factors of m.
3, 11
Let a = 21 + -23. List the prime factors of (a - 2)*47/(-4).
47
Let f(b) = b**3 + 11*b**2 - 10*b + 18. What are the prime factors of f(-10)?
2, 109
Let x(u) = 2*u + 5. List the prime factors of x(7).
19
Suppose -5*h + 78 = v - 4*v, -2*h + 3*v + 24 = 0. Suppose -2*d = -4*d + h. What are the prime factors of (6/(-9))/((-2)/d)?
3
Let y = 9 + -6. Suppose -h = -y*h + 16. What are the prime factors of h?
2
Let v = -63 + 355. What are the prime factors of v?
2, 73
Suppose 0 = 6*l + 88 - 604. List the prime factors of l.
2, 43
Suppose 17 = 2*c - 5*j, 10*c + 2*j = 5*c + 28. List the prime factors of c.
2, 3
Suppose 5*s = k + 428, 2*s = -5*k - 40 + 222. What are the prime factors of s?
2, 43
Let s(z) = 3*z - 4. Let b(l) = 3*l - 4. Let a(f) = -4*b(f) + 5*s(f). Let n be a(3). Suppose n*g = i + 50, -4*g = -g - 2*i - 37. List the prime factors of g.
3
Let b = 0 + 2. Suppose 0 = -l - 0*l + 2*c - 12, b*l + 14 = 2*c. What are the prime factors of ((-42)/(-9))/(l/(-6))?
2, 7
Suppose 5*j + 19 = -4*c, -c + 5*j - 6 - 5 = 0. Let o be (6 + c)*(-1)/2. Suppose 5*a - w - 10 = -4*w, 2*a + 2*w = o. List the prime factors of a.
5
What are the prime factors of ((-78)/4)/(6/(-8))?
2, 13
Let r = -13 + 18. Suppose k = a - 19, -r*a - k + 2*k = -79. List the prime factors of a.
3, 5
Let t(h) be the first derivative of -1/2*h**2 + 2 + h. What are the prime factors of t(-1)?
2
Suppose -3*d + 49 = 4*s - 38, 2*d = -4*s + 54. List the prime factors of d.
3, 11
Let r = -16 + 26. List the prime factors of r.
2, 5
Suppose 0 = -3*n + 6*n - 126. List the prime factors of n.
2, 3, 7
Suppose 0 = -6*r + 3*r + 4*f + 112, -4*f = -4*r + 144. What are the prime factors of r?
2
Let s be (-310)/(-6) + 6/(-9). Let i = s - 32. List the prime factors of i.
19
Suppose 3*d - 82 - 21 = 2*z, d + 5*z = 23. Suppose 15 = -2*t + 7*t, d = 3*c - 4*t. What are the prime factors of c?
3, 5
Let c be 4/(-6) - (-52)/(-12). List the prime factors of c/((-15)/(-6)) + 11.
3
Let r(b) = 7*b + 3. What are the prime factors of r(5)?
2, 19
What are the prime factors of ((-15)/10)/((-3)/6)?
3
Let p(d) be the first derivative of -15*d**2/2 + 3*d + 9. List the prime factors of p(-3).
2, 3
Let z = 1 - -2. Suppose 0 = -4*v + z*x + 9, 4*v = 8*v + x + 3. Suppose v = 2*f - 5*f + 18. What are the prime factors of f?
2, 3
Let l(h) = h + 3. Let r be l(-7). Let p = r - -3. List the prime factors of (-5 - p)/(-1) - 1.
3
List the prime factors of (8/(-10))/(12/(-690)).
2, 23
Let t(g) = 8*g**2 + 1. List the prime factors of t(-1).
3
Let m(f) = -f**2 - 10*f - 5. What are the prime factors of m(-7)?
2
List the prime factors of 1 - (1040/(-5))/4.
53
Let b(o) be the second derivative of -o**5/20 - o**4/12 + o**3/6 + 22*o**2 + 6*o. What are the prime factors of b(0)?
2, 11
Suppose -5*j + 47 = -58. What are the prime factors of 434/j*(-3)/(-2)?
31
Let b = -38 - -192. List the prime factors of b.
2, 7, 11
Suppose 3*j - 9 = 15. Let b be 5/2 + (-4)/j. Suppose -4 = b*q, -5*q + 0*q = -3*d + 34. List the prime factors of d.
2
Let n(b) = -6*b + 0 + b + 4*b + 7. Let f be n(3). Let m = 0 + f. List the prime factors of m.
2
List the prime factors of (5/(-10)*2)/((-1)/37).
37
Suppose -4*k + 56 = -2*k. Let d = k + -5. List the prime factors of d.
23
Let h(n) = -n**3 - 4*n**2 + 6*n + 8. Suppose -2*u - u = 18. Let j be h(u). Let m = j + -28. What are the prime factors of m?
2
Suppose 0 = -r - 0 + 2. Suppose 7*a - 55 = r*a. What are the prime factors of a?
11
Let t = 29 - 9. What are the prime factors of t?
2, 5
Let u = 8 + -3. Suppose -2*c - 5*z = -u, -4*z + 2*z = 4*c - 18. What are the prime factors of c?
5
Let k(n) = 4*n**2 + n - 1. Let v be k(1). Let f = 2 - v. What are the prime factors of -1 + 0 + (-6)/f?
2
Suppose -p = 4*q + p - 984, -988 = -4*q - 3*p. List the prime factors of q.
2, 61
Let u = 17 + -7. Suppose u = 2*s - s. What are the prime factors of s?
2, 5
Suppose 4*a - 2*a - 42 = 0. List the prime factors of a.
3, 7
Suppose 9 = -u + 117. What are the prime factors of u?
2, 3
Suppose -575 = -5*j + 5*f, 2*j - f + 2*f - 221 = 0. Suppose -3*n + 29 = -4*h + 133, 4*h - n - j = 0. List the prime factors of h.
29
Let h(t) = 3*t - 7. Let o(s) = -s - 3. Let v be o(-8). What are the prime factors of h(v)?
2
Let t(a) = a + 12. Let c be t(-10). Suppose p = 3*u - 2*u + 26, -3*p = c*u - 68. What are the prime factors of p?
2, 3
Let h = 159 + -152. List the prime factors of h.
7
Suppose 2*p + 10 - 40 = 0. List the prime factors of p.
3, 5
Suppose -4*m + 78 + 6 = 0. What are the prime factors of m?
3, 7
Suppose -5*l - 43 = v, -13 = -v - 3*l - 46. Let g = 10 + v. What are the prime factors of 3/(-12) + (-74)/g?
3
Let b be 48/40 + (-1)/5. Let t be 0 - -2 - 1/b. List the prime factors of t + 1 + (4 - -8).
2, 7
Let j(g) = 4*g - 17. List the prime factors of j(13).
5, 7
Let j(a) = -a**3 - 2*a**2 + 2*a. Let x be j(-3). Let p = 2 + x. What are the prime factors of p?
5
Let b = -51 - -74. Suppose -b - 61 = -3*h. What are the prime factors of h?
2, 7
Let y = -3 - -5. Suppose -2*v = 0, -r - 180 = -4*r - 3*v. What are the prime factors of ((-1)/y)/((-3)/r)?
2, 5
Suppose 4*o = -0*o. Suppose i - 4*i + 204 = o. Suppose 2*y = -2*y + i. What are the prime factors of y?
17
Let p(a) = 28*a - 20. List the prime factors of p(9).
2, 29
Let z be 204/21 + (-6)/(-21). Let i = 14 - z. List the prime factors of i.
2
Let p(l) = 2*l + 19. Let o = 6 - 12. What are the prime factors of p(o)?
7
Let j = -75 - -145. List the prime factors of j.
2, 5, 7
Let q = -9 + 11. Suppose -4*m + 51 = -5*f, 2*f + 39 = 3*m - q*f. List the prime factors of m.
3
Let t(n) = n**2 - 5*n - 10. Let h be t(-6). Suppose -2*w + 12 = -h. What are the prime factors of w?
2, 17
Suppose -12 = -2*y - y. List the prime factors of y/(-18) - 2508/(-108).
23
Suppose 3*h - 26 = 2*o - o, -4*o + 16 = 3*h. Suppose -3*t + 8 = 4*j, -j - h = j. List the prime factors of t.
2
Let v = 11 + -4. What are the prime factors of v?
7
Suppose -2*d - 15 = -53. List the prime factors of d.
19
Suppose -o = o + 10. Let s be (-22)/o*(-8 - -3). Let p = 33 + s. List the prime factors of p.
11
List the prime factors of 436/6 + 10/(-15).
2, 3
List the prime factors of (-13 - -11)/(0 - 6/459).
3, 17
Let g(f) = 1 + 3 - 2*f - 4 - 3. Let t = -5 + 2. What are the prime factors of g(t)?
3
Suppose 3*w - 7*w = -108. What are the prime factors of w?
3
Let l be -2*3/(-9)*3. Let j(s) = -3*s - 4*s + 4 - 2 + 2*s**l + 4. List the prime factors of j(4).
2, 5
Suppose -340 = -0*c - 4*c. What are the prime factors of c?
5, 17
Let y = 108 - 56. List the prime factors of y.
2, 13
Suppose -2*v + 38 = 2*s - 4*v, 4*s - 5*v - 75 = 0. List the prime factors of s.
2, 5
Suppose -2 - 33 = -5*t. Suppose t*i - 4*i - 135 = 0. What are the prime factors of i?
3, 5
Let p be ((-36)/(-20))/((-3)/(-10)). Let q be p*((-20)/(-3))/5. Suppose -q + 20 = 3*w. List the prime factors of w.
2
Let m = -1 + -4. What are the prime factors of m/((-10)/24) - 1?
11
Let f be (-1 + 1)*2/(-6). Suppose -4*l + 32 + 64 = f. What are the prime factors of l?
2, 3
What are the prime factors of (-78)/3*5/(-10)?
13
Let w(x) be the third derivative of x**6/720 + x**5/120 + x**4/24 + x**2. Let y(a) be the second derivative of w(a). List the prime factors of y(6).
7
Let r = 39 + -28. Suppose -1 = -h - 0*h, -2*c = -3*h + r. Let q(x) = -x + 2. List the prime factors of q(c).
2, 3
Suppose 3*p = -p - 28. Let f = p + 2. Let y = 7 - f. What are the prime factors of y?
2, 3
Suppose -n + 14 = -3*l, 3*n - 21 = n - l. List the prime factors of n.
11
Let x(v) = -v - 1. List the prime factors of x(-11).
2, 5
Suppose -2*w - 9 + 3 = 0. What are the prime factors of (-30 + -3)*1/w?
11
What are the prime factors of (-216)/16*(-24)/9?
2, 3
Let b(l) = -l**2 - l - 2. Let u be b(-3). List the prime factors of (4 - 2)*(-36)/u.
3
Let s be 1*(-1 - -6 - 3). Let o(a) = 7*a - 2*a - 2 + a - s*a. What are the 